 n(i)?
2, 13, 67
Let n be 2/7 - 272/119. Let o be (-7)/n*48/84. Suppose 4*g = 2*m - 38, -86 = -5*m + 3*g + o. What are the prime factors of m?
17
Suppose -w = 3*r - 27812, w - 1642 = -4*r + 26171. What are the prime factors of w?
27809
Let c be (-4)/(-10) - (-5 + 8332/(-20)). Let r = c - 139. List the prime factors of r.
283
Let o = -69 + 69. Suppose o = 131*i - 129*i - 138. List the prime factors of i.
3, 23
Let l(g) = -g**3 + 42*g**2 - 12*g - 249. What are the prime factors of l(41)?
2, 5, 47
Let g(d) = 7*d**3 - 8*d + 12 + 11*d**3 - 7*d**2 + 8*d**3 - 27*d**3. Let b be g(-5). Suppose 7 = b*l + 1. List the prime factors of l.
3
Suppose 3*v + 34*v + 5*v - 657846 = 0. What are the prime factors of v?
3, 23, 227
Suppose 3*j + 16 = 5*j + 2*f, 3*j + 2*f = 20. Suppose -j*z + 9*z - 2625 = 5*v, -3*v = -2*z + 1053. List the prime factors of z.
2, 3, 29
Suppose -j - 4 = 0, -4*b = 4*j - 2*j - 448. Suppose 10*u - 6*u - 12 = 0. Suppose -w - m + 3*m + b = 0, -u*m + 478 = 4*w. What are the prime factors of w?
2, 59
Let l = 3227 - 3218. Let r(n) = n + 1. Let s(b) = 7*b - 8. Let j(y) = 6*r(y) - s(y). What are the prime factors of j(l)?
5
Let t = -98 + 97. Let s be (1 - 2)*-1 - (t + -3). Suppose -4*v = 3*x - 557, 5*v - s*x - 229 = 476. What are the prime factors of v?
2, 5, 7
Suppose 0 = 2*u - 7*u. Let t = 7982 + -7841. Suppose -3*m + 318 + t = u. What are the prime factors of m?
3, 17
Let h = 19344 - 10553. List the prime factors of h.
59, 149
Suppose g = -4*r + 3*g + 16, -5*g - 18 = r. Suppose -d + r*m = m - 323, -2*m - 328 = -d. List the prime factors of d.
2, 3, 53
Let l be (21/(-14))/((-3)/(-16)*-2). What are the prime factors of (-3 + (l - 0))*(-848)/(-4)?
2, 53
Suppose j - 2*b = 2338, -2*b + 7046 = 79*j - 76*j. What are the prime factors of j?
2, 3, 17, 23
Suppose 0 = 4*o - 16, 3*v - 2*o = 8*v - 1358. Suppose 0 = -3*h - q + 754, -3*h - 5*q + v = -2*h. List the prime factors of h.
2, 5
Suppose 6*h - 3*h - 2*j - 1005 = 0, 4*h + 5*j = 1317. Let c = 208 - h. What are the prime factors of ((-2)/(2/c))/(1 + 0)?
5
What are the prime factors of 2 - -4860 - (-320)/(-160)?
2, 3, 5
Let i = -11361 - -30186. List the prime factors of i.
3, 5, 251
Suppose 0 = 1280*u - 1302*u + 415712. List the prime factors of u.
2, 1181
Let z(r) = 18*r - 34. Let y(u) = -2*u**3 + 2*u**2 + 15. Let v be y(0). List the prime factors of z(v).
2, 59
Suppose -3*w - 7*n + 7504 + 28129 = 0, -w + 11881 = 3*n. What are the prime factors of w?
2, 17, 349
Let o = -121 - -125. Suppose -o*l + 1544 = -80. What are the prime factors of l?
2, 7, 29
Let l = 65 + -50. Suppose -24*t + 2817 = -l*t. List the prime factors of t.
313
Suppose 34*b - 115812 = 62654. What are the prime factors of b?
29, 181
Suppose -3*k = 3*l + 2730, -2722 = 3*l + 4*k + k. Let r = l + 1409. List the prime factors of r.
3, 5, 11
Suppose -6*o = 6 + 6. What are the prime factors of (o - 2) + 3*78 + -2?
2, 3, 19
Let h(q) = q**2 + 14*q + 5. Let b be h(-14). Suppose 1037 = -3*a - 3*m - 25, 1062 = -3*a - b*m. Let o = a + 545. What are the prime factors of o?
191
Let k(m) = 1. Let d(o) be the second derivative of -31*o**3/6 + 11*o**2 - 24*o. Let h(a) = -d(a) + 3*k(a). What are the prime factors of h(2)?
43
Let m(q) = -q**3 + 8*q**2 + 11*q + 13. Suppose -7 = -b - 4*h + 1, -3*b = 3*h - 24. What are the prime factors of m(b)?
101
What are the prime factors of 0 - (-13195 + 0 + 10*15/75)?
79, 167
Let m = -832 - -826. What are the prime factors of ((-11058)/76)/(m/44)?
11, 97
Let u(k) = -k**3 - 7*k**2 - 14*k - 20. Let b be u(-5). Suppose b = -3*t + 691 + 191. What are the prime factors of t?
2, 3, 7
Suppose -3*i = -2*b - 44763, -284*b + 283*b - 74619 = -5*i. What are the prime factors of i?
3, 5, 199
Let c = 10 - 11. Let b(n) = -31*n. Let g be b(c). Suppose 4*v - g = 153. What are the prime factors of v?
2, 23
Let u = -205 + 121. Let y = u + 86. What are the prime factors of (1 - y) + 4 - -8?
11
Let g(k) = 2*k + 27. Let b be g(-9). Suppose 8 + 19 = b*a. Suppose -25 - 238 = -5*z - 2*s, 4*z - a*s = 215. What are the prime factors of z?
53
Let w(n) = 130*n**2 + 25*n + 172. List the prime factors of w(-7).
6367
Let t(x) = -6*x**3 - 38*x**2 - 33*x - 198. List the prime factors of t(-14).
2, 5, 29
Let v be (-2985)/(-4) - 6/(-8) - -2. Let p = -272 + v. Suppose -4*k = -5*d - p, -3*k - d = -k - 249. List the prime factors of k.
3, 41
Suppose 4*d - 8914 = -3*b, 15*d - 2*b = 17*d - 4456. Let h(o) = -o - 2. Let p be h(-2). Suppose p = 28*l - 18*l - d. List the prime factors of l.
223
Let m(n) = -5*n**2 + 164*n - 206. What are the prime factors of m(22)?
2, 491
Suppose -34 = -2*u + 472. Suppose -249*w + u*w = 876. What are the prime factors of w?
3, 73
Let p = 250 - 255. List the prime factors of 4/(-14) + (34326/42 - p).
2, 3, 137
What are the prime factors of (175/(-70))/(15/(-91764))?
2, 3, 2549
Suppose 18 - 7 = -v. Let l(c) be the third derivative of -3*c**4/4 - 23*c**3/3 - c**2. What are the prime factors of l(v)?
2, 19
Suppose -g = 4*f - 9161, 52*g - 5*f + 18322 = 54*g. What are the prime factors of g?
9161
Suppose 15*z - 36 = 24*z. List the prime factors of 1 + (-1132)/z + -6.
2, 139
Let b(w) = -6*w**2 + 10*w**2 + w**2 - 5*w - 22 - 2*w**2. List the prime factors of b(9).
2, 11
Let k = -288 + 465. Suppose -5*l + o = -64 - k, -4*l = 2*o - 204. What are the prime factors of l?
7
Suppose -2*c + 59 = -19. Let z be 4/6 + 14716/c. Suppose z = 4*k - 82. What are the prime factors of k?
5, 23
Let z = 380 - -163. Suppose z = 3*n + 69. Suppose 14*v - n = 12*v. What are the prime factors of v?
79
Suppose 0 = 91*a - 101*a - 70. What are the prime factors of a + 5 + 2/(-1) + 1047?
7, 149
Let g = -219 + 301. Suppose 3*f - g - 671 = 0. List the prime factors of f.
251
Let m(t) = 2*t**2 - 22*t - 53. Let g be m(13). Let u(f) = 1418*f**2 + 5*f + 7. What are the prime factors of u(g)?
2, 5, 71
Let b(g) = 2*g**2 - g - 54. Let u be b(18). Let o = 881 - u. What are the prime factors of o?
5, 61
Let s = 2760 + -1318. List the prime factors of s.
2, 7, 103
Let j(d) = -2*d**2 - 12*d - 10. Let z be j(-5). Suppose -5*o + 2*o + 24 = z. Suppose -o*i + 5*i + 99 = 0. What are the prime factors of i?
3, 11
Let x = -27 + 102. Let g be (4/18*12)/((-2)/x). List the prime factors of (g - 1)/((-17)/17).
101
Let x(o) = 33*o + 52. Let a = -225 - -239. What are the prime factors of x(a)?
2, 257
Suppose 56591 = 5*f - 3689. List the prime factors of f.
2, 11, 137
Suppose 0 = -2288*i + 2436*i - 1840380. List the prime factors of i.
3, 5, 829
Suppose -2*t = -5*h - 3191, -4*t = -99*h + 95*h - 6388. What are the prime factors of t?
2, 17, 47
Let f(z) = 47*z**2 + 94*z - 356. What are the prime factors of f(-34)?
2, 5, 2539
Suppose 6*h - 120 = 30*h. Let u(s) = 9*s**2 + 23*s + 65. List the prime factors of u(h).
5, 7
Let m = 76810 + -26614. What are the prime factors of m?
2, 3, 47, 89
Let t be 8 - (8 - (9 - 6)). Let c(v) = -v + 16. Let i be c(11). Suppose -2*g + g = -t*r - 203, g - i*r = 199. What are the prime factors of g?
11, 19
Suppose 14*z - 2*x + 1900 = 15*z, -10*x = -4*z + 7510. What are the prime factors of z?
2, 3, 5, 7
List the prime factors of (-173*69)/(726/(-484)).
2, 23, 173
Let d(c) = -c**3 - 4*c**2 - 7*c - 10. Let q be d(-3). Suppose -4*a = 3*u - 161, 2*u - 13 = q*a + 113. List the prime factors of u.
59
Let y(x) be the first derivative of 10*x**3/3 - 43*x**2 - 4*x + 31. List the prime factors of y(-7).
2, 17
Let l(d) be the first derivative of -229*d**2/2 + 58*d - 130. What are the prime factors of l(-4)?
2, 487
Suppose 2*f + 5*a - 6*a = 9, 0 = f - a - 7. Suppose 4*x - 29*b = -25*b + 3324, f = -2*b. What are the prime factors of x?
2, 5, 83
Let j(r) = -r**3 - 5*r**2 + 3*r - 5. Let f be j(-6). Suppose 4*l + n + 24 = 0, -5*l - 2*n = -5*n + f. What are the prime factors of (l - -79) + (-3 - 2/(-1))?
73
Suppose 5*n = -4*f + 21727, -n - 2*f = -1812 - 2531. Suppose -9903 = -25*r + n. List the prime factors of r.
2, 3, 5, 19
Let p be -1 - 4 - 9/(-3). Let r(w) = -98*w - 24. List the prime factors of r(p).
2, 43
Let i(o) = 32*o + 18. Let q(d) = -d**3 + 14*d**2 + 2*d - 21. Let j be q(14). Let l be i(j). Let s = l - 87. List the prime factors of s.
5, 31
List the prime factors of 21 + -7 - (-1570 + -9).
3, 59
List the prime factors of (-5855487)/(-77) - 0 - (5/(-7) + 1).
5, 67, 227
L